ne h(1).
8
Let f(t) = -t**3 + t**2 + t - 1. Let d be ((-24)/4*(-1)/(-3))/(-2). What is f(d)?
0
Let u = 17 - 17. Suppose u = -3*b + 5*b. Let f(n) = n**3 + n**2 + 2. Calculate f(b).
2
Let m(p) = 7 + 9*p + p**2 + 4 - 4. What is m(-7)?
-7
Let c(h) = h + 1. Let d(i) = 15*i + 20. Let g(q) = 20*c(q) - d(q). Calculate g(2).
10
Let t(r) = -3*r**2 + r - 1. Let p = -9 + 10. Give t(p).
-3
Let u be 2 - (-7 - -4)*(-2)/6. Let m(i) = i**2 - 3*i + 1. Determine m(u).
-1
Let d(r) = r**2 - 7*r + 8. Let x be d(6). Suppose x*c + 18 = -4*o, -o = -2*c - 2*o - 9. Let y(t) = 3 - t**3 - 5244*t**2 + 2*t**3 + 5247*t**2. Calculate y(c).
3
Let p be 26/10 - 2/(-5). Suppose p*h - 1 = 2. Let x be 3/6 - h/2. Let t(d) = d**2 + d - 5. Determine t(x).
-5
Suppose 3*j = -3*o - 9, -2*o = -4*j - 36 + 12. Let v(f) = 14*f - 23. Let h(p) = -5*p + 8. Let w(a) = -17*h(a) - 6*v(a). What is w(j)?
-3
Let h(c) be the first derivative of -c**2/2 + c - 3. Determine h(4).
-3
Let q(j) = -4 - j**2 - 3 + 2*j + 4. Let r be (1 + -2)*-1*2. Determine q(r).
-3
Suppose 2*d - 6 + 3 = -l, d + 1 = -3*l. Let h(v) = 5*v + 1. What is h(l)?
-4
Let d(v) = -v**2 - 7*v + 3. Let y be d(-8). Let k(a) = a - 6. Let t(g) = 5*g - 24. Let o(w) = 9*k(w) - 2*t(w). Determine o(y).
-1
Let l(r) be the first derivative of -r**2/2 + 10*r - 10. Give l(9).
1
Let b = 2 + 3. Let z(q) = -4 - 2*q + b*q + 2*q. Let g(r) = 2*r - 1. Let f be g(2). Give z(f).
11
Let n(k) be the first derivative of -5 + 1/3*k**3 + 9*k - 7/2*k**2. Give n(6).
3
Suppose -2*q = -34 + 32. Let g(c) = -8*c + 1. Determine g(q).
-7
Let x(j) be the third derivative of 3*j**6/40 - j**5/30 + j**4/12 - j**3/6 + 5*j**2. Suppose -2*u + u = -1. Determine x(u).
8
Let u(a) = a + 7. Suppose t = 6*t + 30. Let z be u(t). Let p(o) = -8*o**3 - 2*o**2 + o. Determine p(z).
-9
Let w(b) = -b. Let o(s) = -1. Let t be (-4)/(-2)*(-4 - -6). Let p be ((-4)/(-4))/((-1)/1). Let d(l) = p*o(l) + t*w(l). What is d(-2)?
9
Let g(u) = -9*u. Suppose -6 - 7 = -13*m. Calculate g(m).
-9
Let y(l) = 4*l - 4. Let i(r) = r - 1. Let j(b) = 5*i(b) - y(b). Give j(4).
3
Let f(b) = -b**2 + b + 7. Let d be f(4). Let g(o) = o**3 + 5*o**2 + o - 3. Give g(d).
-8
Let i(n) = -6*n + 1. Let z be 6/14 + 60/(-42). Calculate i(z).
7
Suppose 18*c = 19*c - 14. Let d = 21 + -11. Let k = d - c. Let p(o) = o**2 + 7*o + 6. Determine p(k).
-6
Let h(d) be the third derivative of -d**6/120 + d**4/24 - d**2. Let r = 8 - 11. Let i be (2/(-6) - 0)*r. Determine h(i).
0
Let s be 2*(0 - (-1 + 3)). Let r = s - -4. Suppose r = 4*z - 4*y + 40, z + y - 3*y = -15. Let g(v) = -v**3 - 6*v**2 - 5*v - 3. Give g(z).
-3
Let p = -67 - -60. Let b(d) = d**3 + 6*d**2 - 7*d + 9. Determine b(p).
9
Let z(d) = -d**2 + 5*d - 2. Let n be -3*(64/(-6) + -2). Let r be n/8 - (-9)/(-12). Let s be z(r). Let p(v) = -v**3 + 5*v**2 - 3*v + 1. Calculate p(s).
7
Let w = -31 + 19. Let u be w/8 - (-3)/(-2). Let l(k) = 3*k + k**2 - 4*k**2 - k**3 + 4 + 0*k**2. Calculate l(u).
-5
Let o(z) = z**2 - 4*z + 3. Let d be o(4). Suppose 0 = -0*y + d*y - 6. Let v(i) be the first derivative of -3*i**2/2 + i + 4. Calculate v(y).
-5
Let x = 15 + -11. Let m(t) = t**2 + t**2 + x - 3. Let h(i) = -i**3 - 13*i**2 - 1. Let q be h(-13). Give m(q).
3
Let d(p) be the third derivative of p**6/120 + p**5/60 + p**4/24 - 5*p**2. Calculate d(0).
0
Let a(g) = -5*g**3 - 2*g - 1. Let p be a(-1). Let d(l) = 5*l - p*l + l - l. Determine d(-3).
3
Let h(o) = 2*o + 4 - 3*o - 3*o + 3*o. What is h(-3)?
7
Suppose -3*t + 4*t = 3. Let c(y) = -1 + 0*y**3 + 0 + y**2 - 3*y**2 + y**t. Let k = 0 + 2. Give c(k).
-1
Let r(t) = t**3 + 7*t**2 + 7*t + 8. Let l = 11 - -1. Suppose 0 = -0*x + 2*x + l. Determine r(x).
2
Let i be 4 + (-1*3)/3. Suppose -i*j = -j - 4. Let h(p) = 4 + 2 + p**2 - j*p - 3. What is h(3)?
6
Let x(o) be the first derivative of -o**4/4 - o**3/3 + 5*o**2/2 + 2*o - 22. What is x(-3)?
5
Let r(i) = 3*i + 7. Let d(q) = -6*q - 13. Let n be d(-4). Let x(l) = 13 - l + 6*l + 0*l. Let t(w) = n*r(w) - 6*x(w). Determine t(1).
2
Let p(g) = -3 - 5 + 5*g + g**3 + 0*g + 7*g**2. Suppose -8 - 16 = 4*j. Determine p(j).
-2
Suppose -2*p - 5*n + 22 = -p, -5*p + n = 20. Let c(d) = d**2 + 3*d. Give c(p).
0
Let j be (11/(-22))/((-1)/(-2)). Let y(h) be the third derivative of 0*h**3 + 1/30*h**5 + 0*h - 1/24*h**4 - 2*h**2 + 0. Calculate y(j).
3
Let c(l) = -7 + l**2 + 17*l + 13*l - 27*l. Give c(-5).
3
Let o be 0/(1/((-1)/1)). Let b(v) = -v**2 - 2*v + 10. Let w(z) = 3*z**2 + 7*z - 31. Let h(i) = -7*b(i) - 2*w(i). Give h(o).
-8
Let u(p) = p**2 + 7*p - 5. Let j be u(0). Let a(q) = -5*q - 1. Calculate a(j).
24
Let j(m) = m**3 + 5*m**2 + 4*m - 5. Let c = 15 - 19. What is j(c)?
-5
Let i(d) = -d**3 + d**2 + 2*d + 1. Suppose 5*r = 3*j - 4*j + 14, 4*r + j - 12 = 0. Calculate i(r).
1
Let c be 1 - (-6 - -6 - (-2 + 0)). Let d(s) = -8*s**3 - s**2. Calculate d(c).
7
Let z(j) = 2*j + 20. Let n be z(-11). Let a(i) = 3*i**2 + 4*i + 2. What is a(n)?
6
Let p(f) = 3*f**2 + 4*f + 0*f**2 + 2 - 2*f**2. Give p(-5).
7
Suppose -3 = 3*w - 0*w. Let j(s) = -12*s**2 + 2*s + 1. Determine j(w).
-13
Let k(l) be the second derivative of l**4/12 + l**3/6 + l**2/2 + 22*l. Determine k(-2).
3
Suppose 2*g + 25 = 5*k, k = -4*g - 20 + 3. Let n(x) = 3*x + 3. Calculate n(k).
12
Let q(v) = -v**2 - 6*v - 1. Let i = -25 + 19. What is q(i)?
-1
Let a(o) = -5*o + 2*o + 1 + 2*o. Calculate a(-6).
7
Let o(j) = -3*j - 3. Let a(l) = 3*l - 23. Let w(c) = -4*c + 11 + 23 + 0*c. Let r(b) = -7*a(b) - 5*w(b). Let d be r(-6). Give o(d).
6
Let f(t) = t**3 + t**2 + 2*t + 1. Let i be f(-1). Let b be (i - -6)*(-4)/10. Let a be ((-2)/b + -2)*-1. Let d(w) = -4*w. What is d(a)?
-4
Let v(l) be the third derivative of 0 + 1/12*l**4 + 0*l + 0*l**3 - 3*l**2. What is v(-2)?
-4
Let s(u) = -u**2 - 3*u. Suppose -2*o - 5*y = -2, o - 5 + 1 = -4*y. Give s(o).
-4
Let s(v) be the third derivative of -3*v**2 + 0 - 1/120*v**6 - 1/20*v**5 - 1/8*v**4 + 0*v + 0*v**3. Give s(-2).
2
Let h(b) = -b - 7. Let u be 9/15 + (-2)/(-5). Let z be 0*(0 - u) + -4. Give h(z).
-3
Let v(m) be the second derivative of -m**5/20 - m**4/4 - m**3/2 + 3*m**2/2 - 7*m. Give v(-3).
12
Suppose 5*k - 15 = 2*k. Let w = -4 - -6. Let o(z) = 3 - z - k + w*z**2 + 0*z**2. Calculate o(-2).
8
Let d(c) be the third derivative of -c**5/10 + c**4/24 + c**3/6 - 32*c**2. What is d(-1)?
-6
Let u be 0/((-1)/1 + 2). Suppose u = 4*o - 2*o + 2. Let i = o + 3. Let j(v) = 4*v - 3. What is j(i)?
5
Let b(x) = 2*x**2 - x - 1. Let p be b(-1). Let n(c) = -2*c - 1. Let u(t) = -6*t - 1. Let s(j) = -4*n(j) + 2*u(j). Calculate s(p).
-6
Let r(y) = y**3 - y**2 - y - 1. Let d(w) = 7*w**3 + 4*w**2 + 4*w + 1. Let t(h) = -d(h) + 6*r(h). What is t(-9)?
2
Let f(i) = -3*i**3 - 14*i**2 + 17*i + 6. Let u(p) = -p**3 - 5*p**2 + 6*p + 2. Let n(t) = -4*f(t) + 11*u(t). What is n(-2)?
-2
Let d = -4 + 5. Let n(f) = f**2 + 10*f**3 - 31 + 11 + 19. Give n(d).
10
Let f(j) be the third derivative of -j**5/30 + j**3/6 - 13*j**2. Suppose -12 = -2*g - 0*g. Let c be 2*((-3)/g - -1). What is f(c)?
-1
Suppose 4*k + k - 30 = 0. Let z be k/(2 + (-21)/6). Let v = -1 + z. Let f(j) = 3*j + 7. What is f(v)?
-8
Let o(l) = l**2 + 5*l - 1. Suppose 5*p - 7 = -r, -r - 2*p + 7 = p. Let j be 3 - r/((-14)/(-18)). Calculate o(j).
5
Let c(j) = 5*j**3 - j**3 - 6*j**2 - 4 - 4*j + 3*j**2 - 3*j**3. Let x = -3 - -7. Give c(x).
-4
Let c(b) be the third derivative of -b**6/120 + b**5/20 - b**4/12 + b**3/3 + 3*b**2. Calculate c(2).
2
Let t be 5 - 0 - 4/((-8)/(-6)). Let o(p) be the third derivative of -1/24*p**4 + 0*p + 1/6*p**3 + 0 + 3*p**t. Give o(1).
0
Let q(f) = 3*f - 19. Let g be q(7). Let z(d) = d**3 - d**2 + d. What is z(g)?
6
Let c(l) = -l + 1. Let b be c(1). Suppose -2*y + 11 = p, -4*p + 3*y = -b*y + 11. Let i(m) = -4*m**3 + m**2 - 2*m + 1. Give i(p).
-4
Let l(d) = d**3 - 4*d**2 + d + 2. Suppose 2*g - g + 2*k = 8, 2*k = g. Let c = -2 + g. Calculate l(c).
-4
Let a(r) = 3*r + 2. Let q be ((-8)/(-32))/((-2)/(-24)). Suppose -p + q*h = -3, 4*h - h - 9 = -3*p. Determine a(p).
11
Let c(y) = -y**2 + 5*y - 2. Suppose 16 = 4*f - 4. Let m = f + -1. Calculate c(m).
2
Let b(s) be the third derivative of s**5/60 + s**4/4 - s**3/2 - 7*s**2. Determine b(-5).
-8
Let r = -3 - 0. Let z(v) be the second derivative of -v**3/6 - v**2 + 4*v. Calculate z(r).
1
Let a(k) be the third derivative of -k**5/60 + k**4/24 - k**3/6 + k**2.